{"id":556361,"date":"2022-06-15T15:06:05","date_gmt":"2022-06-15T15:06:05","guid":{"rendered":"https:\/\/www.grupoavalco.com\/pim\/?page_id=556361"},"modified":"2023-01-04T07:10:11","modified_gmt":"2023-01-04T07:10:11","slug":"nosotros","status":"publish","type":"page","link":"https:\/\/www.grupoavalco.com\/pim\/termat\/nosotros\/","title":{"rendered":"nosotros"},"content":{"rendered":"\n<div class=\"wp-block-cover alignfull\"><span aria-hidden=\"true\" class=\"wp-block-cover__background has-background-dim\"><\/span><img loading=\"lazy\" decoding=\"async\" width=\"1920\" height=\"500\" class=\"wp-block-cover__image-background wp-image-556618\" alt=\"\" src=\"https:\/\/www.grupoavalco.com\/pim\/wp-content\/uploads\/2022\/07\/La-marca-del-profesional-_1_.webp\" style=\"object-position:51% 45%\" data-object-fit=\"cover\" data-object-position=\"51% 45%\" srcset=\"https:\/\/www.grupoavalco.com\/pim\/wp-content\/uploads\/2022\/07\/La-marca-del-profesional-_1_.webp 1920w, https:\/\/www.grupoavalco.com\/pim\/wp-content\/uploads\/2022\/07\/La-marca-del-profesional-_1_-300x78.webp 300w, https:\/\/www.grupoavalco.com\/pim\/wp-content\/uploads\/2022\/07\/La-marca-del-profesional-_1_-1024x267.webp 1024w, https:\/\/www.grupoavalco.com\/pim\/wp-content\/uploads\/2022\/07\/La-marca-del-profesional-_1_-768x200.webp 768w, https:\/\/www.grupoavalco.com\/pim\/wp-content\/uploads\/2022\/07\/La-marca-del-profesional-_1_-1536x400.webp 1536w, https:\/\/www.grupoavalco.com\/pim\/wp-content\/uploads\/2022\/07\/La-marca-del-profesional-_1_-1568x408.webp 1568w\" sizes=\"auto, (max-width: 1920px) 100vw, 1920px\" \/><div class=\"wp-block-cover__inner-container is-layout-flow wp-block-cover-is-layout-flow\">\n<div class=\"wp-block-group alignwide header-container\"><div class=\"wp-block-group__inner-container is-layout-flow wp-block-group-is-layout-flow\">\n<p class=\"has-text-align-left\"><\/p>\n<\/div><\/div>\n<\/div><\/div>\n\n\n\n<div class=\"wp-block-cover alignfull is-light\"><span aria-hidden=\"true\" class=\"wp-block-cover__background has-background-dim-100 has-background-dim\" style=\"background-color:#f6f6f6\"><\/span><div class=\"wp-block-cover__inner-container is-layout-flow wp-block-cover-is-layout-flow\">\n<div class=\"wp-block-columns alignwide panel-texto is-layout-flex wp-container-core-columns-is-layout-9d6595d7 wp-block-columns-is-layout-flex\">\n<div class=\"wp-block-column is-layout-flow wp-block-column-is-layout-flow\">\n<p class=\"has-text-align-center has-text-color\" style=\"color:#297fca\"><\/p>\n\n\n\n<h2 class=\"has-text-align-center has-black-color has-text-color wp-block-heading\"><strong>La calidad de nuestros productos nos avala<\/strong><\/h2>\n\n\n\n<p class=\"has-text-align-center has-black-color has-text-color has-background\" style=\"background-color:#ffffff00\">M\u00e1s de 10 a\u00f1os ofreciendo soluciones de climatizaci\u00f3n y calefacci\u00f3n para hogares, locales comerciales e instalaciones industriales. Termat facilita todo tipo de soluciones a los profesionales especialistas en instalaciones que mejoran el confort de su hogar. Somos expertos en el suministro de productos exclusivos para la calefacci\u00f3n, energ\u00edas renovables, climatizaci\u00f3n y confort del hogar adaptados a cualquier proyecto y presupuesto<\/p>\n<\/div>\n<\/div>\n\n\n\n<figure class=\"wp-block-embed aligncenter is-type-video is-provider-youtube wp-block-embed-youtube wp-embed-aspect-16-9 wp-has-aspect-ratio\"><div class=\"wp-block-embed__wrapper\">\n<iframe loading=\"lazy\" title=\"Termat la marca del profesional\" width=\"750\" height=\"422\" src=\"https:\/\/www.youtube.com\/embed\/uTJ_EMJz9Cc?feature=oembed\" frameborder=\"0\" allow=\"accelerometer; autoplay; clipboard-write; encrypted-media; gyroscope; picture-in-picture\" allowfullscreen><\/iframe>\n<\/div><\/figure>\n<\/div><\/div>\n\n\n\n<div class=\"wp-block-media-text alignwide has-media-on-the-right is-stacked-on-mobile is-vertically-aligned-top first-container\"><div class=\"wp-block-media-text__content\">\n<p class=\"has-extra-small-font-size\"><\/p>\n\n\n\n<h2 class=\"wp-block-heading\">Nosotros<\/h2>\n\n\n\n<p class=\"has-extra-small-font-size\">Los productos Termat est\u00e1n fabricados con los mejores materiales del mercado para ofrecer excelentes&nbsp;est\u00e1ndares de calidad y fiabilidad en nuestros productos. Durante su proceso de fabricaci\u00f3n seguimos unos exhaustivos controles asegur\u00e1ndonos de que el producto cumple con todos los requisitos para satisfacer al profesional m\u00e1s exigente<\/p>\n<\/div><figure class=\"wp-block-media-text__media\"><img loading=\"lazy\" decoding=\"async\" width=\"930\" height=\"430\" src=\"https:\/\/www.grupoavalco.com\/pim\/wp-content\/uploads\/2022\/07\/Diseno-sin-titulo-71.png\" alt=\"\" class=\"wp-image-556555 size-full\" srcset=\"https:\/\/www.grupoavalco.com\/pim\/wp-content\/uploads\/2022\/07\/Diseno-sin-titulo-71.png 930w, https:\/\/www.grupoavalco.com\/pim\/wp-content\/uploads\/2022\/07\/Diseno-sin-titulo-71-300x139.png 300w, https:\/\/www.grupoavalco.com\/pim\/wp-content\/uploads\/2022\/07\/Diseno-sin-titulo-71-768x355.png 768w\" sizes=\"auto, (max-width: 930px) 100vw, 930px\" \/><\/figure><\/div>\n\n\n\n<div class=\"wp-block-columns alignwide is-layout-flex wp-container-core-columns-is-layout-9d6595d7 wp-block-columns-is-layout-flex\">\n<div class=\"wp-block-column is-layout-flow wp-block-column-is-layout-flow\">\n\n\n<h4 class=\"has-text-align-center has-normal-font-size wp-block-heading\">M\u00e1s de 1500 productos<\/h4>\n\n\n\n<p class=\"has-text-align-center has-extra-small-font-size\">Calefacci\u00f3n, energ\u00eda solar y refrigeraci\u00f3n.<\/p>\n<\/div>\n\n\n\n<div class=\"wp-block-column is-layout-flow wp-block-column-is-layout-flow\">\n\n\n<h4 class=\"has-text-align-center has-normal-font-size wp-block-heading\">Marca Espa\u00f1ola reconocida<\/h4>\n\n\n\n<p class=\"has-text-align-center has-extra-small-font-size\">Acceda a los mejores precios de una gran marca<\/p>\n<\/div>\n\n\n\n<div class=\"wp-block-column is-layout-flow wp-block-column-is-layout-flow\">\n\n\n<h4 class=\"has-text-align-center has-normal-font-size wp-block-heading\">Local\u00edcenos<\/h4>\n\n\n\n<p class=\"has-text-align-center has-extra-small-font-size\">Cientos de distribuidores en toda Espa\u00f1a.<\/p>\n<\/div>\n<\/div>\n\n\n\n<div class=\"wp-block-cover alignfull is-light file-content\"><span aria-hidden=\"true\" class=\"wp-block-cover__background has-background-dim-100 has-background-dim\" style=\"background-color:#f6f6f6\"><\/span><div class=\"wp-block-cover__inner-container is-layout-flow wp-block-cover-is-layout-flow\">\n<div class=\"wp-block-columns catalogo-korman is-layout-flex wp-container-core-columns-is-layout-9d6595d7 wp-block-columns-is-layout-flex\">\n<div class=\"wp-block-column is-vertically-aligned-center file-image is-layout-flow wp-block-column-is-layout-flow\" style=\"flex-basis:120px\"><div class=\"wp-block-image imagen-catalogo-custom\">\n<figure class=\"alignright size-full is-resized\"><img loading=\"lazy\" decoding=\"async\" src=\"https:\/\/www.grupoavalco.com\/pim\/wp-content\/uploads\/2022\/11\/catalogoTermat2022-1.png\" alt=\"\" class=\"wp-image-557070\" width=\"223\" height=\"267\" srcset=\"https:\/\/www.grupoavalco.com\/pim\/wp-content\/uploads\/2022\/11\/catalogoTermat2022-1.png 399w, https:\/\/www.grupoavalco.com\/pim\/wp-content\/uploads\/2022\/11\/catalogoTermat2022-1-250x300.png 250w\" sizes=\"auto, (max-width: 223px) 100vw, 223px\" \/><\/figure>\n<\/div><\/div>\n\n\n\n<div class=\"wp-block-column is-vertically-aligned-center file-text is-layout-flow wp-block-column-is-layout-flow\">\n<div class=\"wp-block-media-text alignwide has-media-on-the-right is-stacked-on-mobile\" style=\"grid-template-columns:auto 15%\"><div class=\"wp-block-media-text__content\">\n<p class=\"has-text-align-left catalogo-text has-text-color has-large-font-size\" style=\"color:#61646a\"><a href=\"https:\/\/www.grupoavalco.com\/pim\/wp-content\/uploads\/2023\/01\/CATALOGO-TERMAT-web.pdf\" target=\"_blank\" rel=\"noreferrer noopener\">Descarga nuestro catalogo<\/a><\/p>\n<\/div><figure class=\"wp-block-media-text__media\"><a href=\"https:\/\/www.grupoavalco.com\/pim\/wp-content\/uploads\/2022\/11\/CATALOGO-TERMAT-30-11-2022_compressed.pdf\"><img loading=\"lazy\" decoding=\"async\" width=\"67\" height=\"62\" src=\"https:\/\/www.grupoavalco.com\/pim\/wp-content\/uploads\/2022\/06\/descarga.jpg\" alt=\"\" class=\"wp-image-556314 size-full\"\/><\/a><\/figure><\/div>\n<\/div>\n<\/div>\n<\/div><\/div>\n","protected":false},"excerpt":{"rendered":"<p>Nosotros Los productos Termat est\u00e1n fabricados con los mejores materiales del mercado para ofrecer excelentes&nbsp;est\u00e1ndares de calidad y fiabilidad en nuestros productos. Durante su proceso de fabricaci\u00f3n seguimos unos exhaustivos controles asegur\u00e1ndonos de que el producto cumple con todos los requisitos para satisfacer al profesional m\u00e1s exigente M\u00e1s de 1500 productos Calefacci\u00f3n, energ\u00eda solar y&hellip; <a class=\"more-link\" href=\"https:\/\/www.grupoavalco.com\/pim\/termat\/nosotros\/\">Seguir leyendo <span class=\"screen-reader-text\">nosotros<\/span><\/a><\/p>\n","protected":false},"author":1,"featured_media":0,"parent":556318,"menu_order":0,"comment_status":"closed","ping_status":"closed","template":"tp-landing-base.php","meta":{"_acf_changed":false,"inline_featured_image":false,"_uag_custom_page_level_css":"","footnotes":""},"class_list":["post-556361","page","type-page","status-publish","hentry","entry"],"acf":[],"yoast_head":"<!-- This site is optimized with the Yoast SEO plugin v26.4 - https:\/\/yoast.com\/wordpress\/plugins\/seo\/ -->\n<title>nosotros - Avalco<\/title>\n<meta name=\"robots\" content=\"noindex, nofollow\" \/>\n<meta property=\"og:locale\" content=\"es_ES\" \/>\n<meta property=\"og:type\" content=\"article\" \/>\n<meta property=\"og:title\" content=\"nosotros - Avalco\" \/>\n<meta property=\"og:description\" content=\"Nosotros Los productos Termat est\u00e1n fabricados con los mejores materiales del mercado para ofrecer excelentes&nbsp;est\u00e1ndares de calidad y fiabilidad en nuestros productos. Durante su proceso de fabricaci\u00f3n seguimos unos exhaustivos controles asegur\u00e1ndonos de que el producto cumple con todos los requisitos para satisfacer al profesional m\u00e1s exigente M\u00e1s de 1500 productos Calefacci\u00f3n, energ\u00eda solar y&hellip; Seguir leyendo nosotros\" \/>\n<meta property=\"og:url\" content=\"https:\/\/www.grupoavalco.com\/pim\/termat\/nosotros\/\" \/>\n<meta property=\"og:site_name\" content=\"Avalco\" \/>\n<meta property=\"article:modified_time\" content=\"2023-01-04T07:10:11+00:00\" \/>\n<meta property=\"og:image\" content=\"https:\/\/www.grupoavalco.com\/pim\/wp-content\/uploads\/2022\/07\/La-marca-del-profesional-_1_.webp\" \/>\n<meta name=\"twitter:card\" content=\"summary_large_image\" \/>\n<meta name=\"twitter:label1\" content=\"Tiempo de lectura\" \/>\n\t<meta name=\"twitter:data1\" content=\"3 minutos\" \/>\n<script type=\"application\/ld+json\" class=\"yoast-schema-graph\">{\"@context\":\"https:\/\/schema.org\",\"@graph\":[{\"@type\":\"WebPage\",\"@id\":\"https:\/\/www.grupoavalco.com\/pim\/termat\/nosotros\/\",\"url\":\"https:\/\/www.grupoavalco.com\/pim\/termat\/nosotros\/\",\"name\":\"nosotros - Avalco\",\"isPartOf\":{\"@id\":\"https:\/\/www.grupoavalco.com\/pim\/#website\"},\"primaryImageOfPage\":{\"@id\":\"https:\/\/www.grupoavalco.com\/pim\/termat\/nosotros\/#primaryimage\"},\"image\":{\"@id\":\"https:\/\/www.grupoavalco.com\/pim\/termat\/nosotros\/#primaryimage\"},\"thumbnailUrl\":\"https:\/\/www.grupoavalco.com\/pim\/wp-content\/uploads\/2022\/07\/La-marca-del-profesional-_1_.webp\",\"datePublished\":\"2022-06-15T15:06:05+00:00\",\"dateModified\":\"2023-01-04T07:10:11+00:00\",\"breadcrumb\":{\"@id\":\"https:\/\/www.grupoavalco.com\/pim\/termat\/nosotros\/#breadcrumb\"},\"inLanguage\":\"es\",\"potentialAction\":[{\"@type\":\"ReadAction\",\"target\":[\"https:\/\/www.grupoavalco.com\/pim\/termat\/nosotros\/\"]}]},{\"@type\":\"ImageObject\",\"inLanguage\":\"es\",\"@id\":\"https:\/\/www.grupoavalco.com\/pim\/termat\/nosotros\/#primaryimage\",\"url\":\"https:\/\/www.grupoavalco.com\/pim\/wp-content\/uploads\/2022\/07\/La-marca-del-profesional-_1_.webp\",\"contentUrl\":\"https:\/\/www.grupoavalco.com\/pim\/wp-content\/uploads\/2022\/07\/La-marca-del-profesional-_1_.webp\",\"width\":1920,\"height\":500},{\"@type\":\"BreadcrumbList\",\"@id\":\"https:\/\/www.grupoavalco.com\/pim\/termat\/nosotros\/#breadcrumb\",\"itemListElement\":[{\"@type\":\"ListItem\",\"position\":1,\"name\":\"Portada\",\"item\":\"https:\/\/www.grupoavalco.com\/pim\/\"},{\"@type\":\"ListItem\",\"position\":2,\"name\":\"Termat\",\"item\":\"https:\/\/www.grupoavalco.com\/pim\/termat\/\"},{\"@type\":\"ListItem\",\"position\":3,\"name\":\"nosotros\"}]},{\"@type\":\"WebSite\",\"@id\":\"https:\/\/www.grupoavalco.com\/pim\/#website\",\"url\":\"https:\/\/www.grupoavalco.com\/pim\/\",\"name\":\"Avalco\",\"description\":\"Avalco PIMweb\",\"publisher\":{\"@id\":\"https:\/\/www.grupoavalco.com\/pim\/#organization\"},\"potentialAction\":[{\"@type\":\"SearchAction\",\"target\":{\"@type\":\"EntryPoint\",\"urlTemplate\":\"https:\/\/www.grupoavalco.com\/pim\/?s={search_term_string}\"},\"query-input\":{\"@type\":\"PropertyValueSpecification\",\"valueRequired\":true,\"valueName\":\"search_term_string\"}}],\"inLanguage\":\"es\"},{\"@type\":\"Organization\",\"@id\":\"https:\/\/www.grupoavalco.com\/pim\/#organization\",\"name\":\"Avalco\",\"url\":\"https:\/\/www.grupoavalco.com\/pim\/\",\"logo\":{\"@type\":\"ImageObject\",\"inLanguage\":\"es\",\"@id\":\"https:\/\/www.grupoavalco.com\/pim\/#\/schema\/logo\/image\/\",\"url\":\"https:\/\/www.grupoavalco.com\/pim\/wp-content\/uploads\/2021\/11\/logoAvalco.png\",\"contentUrl\":\"https:\/\/www.grupoavalco.com\/pim\/wp-content\/uploads\/2021\/11\/logoAvalco.png\",\"width\":194,\"height\":36,\"caption\":\"Avalco\"},\"image\":{\"@id\":\"https:\/\/www.grupoavalco.com\/pim\/#\/schema\/logo\/image\/\"}}]}<\/script>\n<!-- \/ Yoast SEO plugin. -->","yoast_head_json":{"title":"nosotros - Avalco","robots":{"index":"noindex","follow":"nofollow"},"og_locale":"es_ES","og_type":"article","og_title":"nosotros - Avalco","og_description":"Nosotros Los productos Termat est\u00e1n fabricados con los mejores materiales del mercado para ofrecer excelentes&nbsp;est\u00e1ndares de calidad y fiabilidad en nuestros productos. Durante su proceso de fabricaci\u00f3n seguimos unos exhaustivos controles asegur\u00e1ndonos de que el producto cumple con todos los requisitos para satisfacer al profesional m\u00e1s exigente M\u00e1s de 1500 productos Calefacci\u00f3n, energ\u00eda solar y&hellip; Seguir leyendo nosotros","og_url":"https:\/\/www.grupoavalco.com\/pim\/termat\/nosotros\/","og_site_name":"Avalco","article_modified_time":"2023-01-04T07:10:11+00:00","og_image":[{"url":"https:\/\/www.grupoavalco.com\/pim\/wp-content\/uploads\/2022\/07\/La-marca-del-profesional-_1_.webp","type":"","width":"","height":""}],"twitter_card":"summary_large_image","twitter_misc":{"Tiempo de lectura":"3 minutos"},"schema":{"@context":"https:\/\/schema.org","@graph":[{"@type":"WebPage","@id":"https:\/\/www.grupoavalco.com\/pim\/termat\/nosotros\/","url":"https:\/\/www.grupoavalco.com\/pim\/termat\/nosotros\/","name":"nosotros - Avalco","isPartOf":{"@id":"https:\/\/www.grupoavalco.com\/pim\/#website"},"primaryImageOfPage":{"@id":"https:\/\/www.grupoavalco.com\/pim\/termat\/nosotros\/#primaryimage"},"image":{"@id":"https:\/\/www.grupoavalco.com\/pim\/termat\/nosotros\/#primaryimage"},"thumbnailUrl":"https:\/\/www.grupoavalco.com\/pim\/wp-content\/uploads\/2022\/07\/La-marca-del-profesional-_1_.webp","datePublished":"2022-06-15T15:06:05+00:00","dateModified":"2023-01-04T07:10:11+00:00","breadcrumb":{"@id":"https:\/\/www.grupoavalco.com\/pim\/termat\/nosotros\/#breadcrumb"},"inLanguage":"es","potentialAction":[{"@type":"ReadAction","target":["https:\/\/www.grupoavalco.com\/pim\/termat\/nosotros\/"]}]},{"@type":"ImageObject","inLanguage":"es","@id":"https:\/\/www.grupoavalco.com\/pim\/termat\/nosotros\/#primaryimage","url":"https:\/\/www.grupoavalco.com\/pim\/wp-content\/uploads\/2022\/07\/La-marca-del-profesional-_1_.webp","contentUrl":"https:\/\/www.grupoavalco.com\/pim\/wp-content\/uploads\/2022\/07\/La-marca-del-profesional-_1_.webp","width":1920,"height":500},{"@type":"BreadcrumbList","@id":"https:\/\/www.grupoavalco.com\/pim\/termat\/nosotros\/#breadcrumb","itemListElement":[{"@type":"ListItem","position":1,"name":"Portada","item":"https:\/\/www.grupoavalco.com\/pim\/"},{"@type":"ListItem","position":2,"name":"Termat","item":"https:\/\/www.grupoavalco.com\/pim\/termat\/"},{"@type":"ListItem","position":3,"name":"nosotros"}]},{"@type":"WebSite","@id":"https:\/\/www.grupoavalco.com\/pim\/#website","url":"https:\/\/www.grupoavalco.com\/pim\/","name":"Avalco","description":"Avalco PIMweb","publisher":{"@id":"https:\/\/www.grupoavalco.com\/pim\/#organization"},"potentialAction":[{"@type":"SearchAction","target":{"@type":"EntryPoint","urlTemplate":"https:\/\/www.grupoavalco.com\/pim\/?s={search_term_string}"},"query-input":{"@type":"PropertyValueSpecification","valueRequired":true,"valueName":"search_term_string"}}],"inLanguage":"es"},{"@type":"Organization","@id":"https:\/\/www.grupoavalco.com\/pim\/#organization","name":"Avalco","url":"https:\/\/www.grupoavalco.com\/pim\/","logo":{"@type":"ImageObject","inLanguage":"es","@id":"https:\/\/www.grupoavalco.com\/pim\/#\/schema\/logo\/image\/","url":"https:\/\/www.grupoavalco.com\/pim\/wp-content\/uploads\/2021\/11\/logoAvalco.png","contentUrl":"https:\/\/www.grupoavalco.com\/pim\/wp-content\/uploads\/2021\/11\/logoAvalco.png","width":194,"height":36,"caption":"Avalco"},"image":{"@id":"https:\/\/www.grupoavalco.com\/pim\/#\/schema\/logo\/image\/"}}]}},"uagb_featured_image_src":{"full":false,"thumbnail":false,"medium":false,"medium_large":false,"large":false,"1536x1536":false,"2048x2048":false,"post-thumbnail":false},"uagb_author_info":{"display_name":"7ac8961b9e","author_link":"https:\/\/www.grupoavalco.com\/pim\/author\/kike\/"},"uagb_comment_info":0,"uagb_excerpt":"Nosotros Los productos Termat est\u00e1n fabricados con los mejores materiales del mercado para ofrecer excelentes&nbsp;est\u00e1ndares de calidad y fiabilidad en nuestros productos. Durante su proceso de fabricaci\u00f3n seguimos unos exhaustivos controles asegur\u00e1ndonos de que el producto cumple con todos los requisitos para satisfacer al profesional m\u00e1s exigente M\u00e1s de 1500 productos Calefacci\u00f3n, energ\u00eda solar y&hellip;&hellip;","_links":{"self":[{"href":"https:\/\/www.grupoavalco.com\/pim\/wp-json\/wp\/v2\/pages\/556361","targetHints":{"allow":["GET"]}}],"collection":[{"href":"https:\/\/www.grupoavalco.com\/pim\/wp-json\/wp\/v2\/pages"}],"about":[{"href":"https:\/\/www.grupoavalco.com\/pim\/wp-json\/wp\/v2\/types\/page"}],"author":[{"embeddable":true,"href":"https:\/\/www.grupoavalco.com\/pim\/wp-json\/wp\/v2\/users\/1"}],"replies":[{"embeddable":true,"href":"https:\/\/www.grupoavalco.com\/pim\/wp-json\/wp\/v2\/comments?post=556361"}],"version-history":[{"count":61,"href":"https:\/\/www.grupoavalco.com\/pim\/wp-json\/wp\/v2\/pages\/556361\/revisions"}],"predecessor-version":[{"id":557221,"href":"https:\/\/www.grupoavalco.com\/pim\/wp-json\/wp\/v2\/pages\/556361\/revisions\/557221"}],"up":[{"embeddable":true,"href":"https:\/\/www.grupoavalco.com\/pim\/wp-json\/wp\/v2\/pages\/556318"}],"wp:attachment":[{"href":"https:\/\/www.grupoavalco.com\/pim\/wp-json\/wp\/v2\/media?parent=556361"}],"curies":[{"name":"wp","href":"https:\/\/api.w.org\/{rel}","templated":true}]}}